t of 20727402?
2
What is the ten millions digit of 305590929?
0
What is the hundred thousands digit of 11207627?
2
What is the millions digit of 151679412?
1
What is the thousands digit of 2626650287?
0
What is the hundred millions digit of 105264327?
1
What is the units digit of 133983057?
7
What is the millions digit of 834173124?
4
What is the thousands digit of 54709266?
9
What is the hundreds digit of 501178681?
6
What is the hundreds digit of 46699413?
4
What is the hundred millions digit of 120649176?
1
What is the ten millions digit of 2647632308?
4
What is the ten thousands digit of 22386952?
8
What is the hundred millions digit of 123827883?
1
What is the hundred millions digit of 174252544?
1
What is the millions digit of 2275769894?
5
What is the hundred thousands digit of 310356583?
3
What is the hundreds digit of 114776298?
2
What is the hundred thousands digit of 30455405?
4
What is the thousands digit of 12366629?
6
What is the thousands digit of 20309050?
9
What is the hundreds digit of 426248875?
8
What is the hundreds digit of 475130183?
1
What is the hundred millions digit of 2655685669?
6
What is the tens digit of 255994717?
1
What is the thousands digit of 431432349?
2
What is the ten thousands digit of 47848314?
4
What is the ten thousands digit of 1265685964?
8
What is the hundred thousands digit of 94877266?
8
What is the millions digit of 617089071?
7
What is the tens digit of 7027421?
2
What is the ten millions digit of 89613776?
8
What is the units digit of 137823988?
8
What is the thousands digit of 118052451?
2
What is the ten millions digit of 2294321110?
9
What is the millions digit of 604792784?
4
What is the hundreds digit of 1497689017?
0
What is the hundred millions digit of 1427196589?
4
What is the hundred millions digit of 4294569282?
2
What is the hundred thousands digit of 71383714?
3
What is the thousands digit of 40789035?
9
What is the ten thousands digit of 42638307?
3
What is the tens digit of 5816522?
2
What is the hundred thousands digit of 5938949873?
9
What is the millions digit of 5037543?
5
What is the hundred thousands digit of 519268310?
2
What is the tens digit of 93607810?
1
What is the ten thousands digit of 52741535?
4
What is the millions digit of 1521473130?
1
What is the ten millions digit of 2078681540?
7
What is the hundred millions digit of 415935122?
4
What is the thousands digit of 251210707?
0
What is the tens digit of 175143076?
7
What is the millions digit of 721241871?
1
What is the ten thousands digit of 101791450?
9
What is the millions digit of 254281118?
4
What is the hundreds digit of 7556055?
0
What is the hundred thousands digit of 43522274?
5
What is the tens digit of 228667072?
7
What is the tens digit of 345508176?
7
What is the thousands digit of 6807167234?
7
What is the units digit of 169988070?
0
What is the ten thousands digit of 38075395?
7
What is the thousands digit of 221864733?
4
What is the hundred thousands digit of 442438370?
4
What is the billions digit of 2222225665?
2
What is the hundred thousands digit of 140753171?
7
What is the hundreds digit of 122082119?
1
What is the millions digit of 214583010?
4
What is the units digit of 90072462?
2
What is the millions digit of 754267929?
4
What is the ten thousands digit of 1108050296?
5
What is the ten thousands digit of 4802900164?
0
What is the ten millions digit of 1370875380?
7
What is the ten millions digit of 286660568?
8
What is the hundred thousands digit of 471041722?
0
What is the tens digit of 383178500?
0
What is the ten thousands digit of 589747281?
4
What is the ten millions digit of 282156203?
8
What is the billions digit of 1343505851?
1
What is the units digit of 914692725?
5
What is the thousands digit of 2202931337?
1
What is the tens digit of 178368991?
9
What is the hundred millions digit of 341337977?
3
What is the tens digit of 2931366?
6
What is the units digit of 161009793?
3
What is the units digit of 104003004?
4
What is the thousands digit of 2456851778?
1
What is the millions digit of 760836424?
0
What is the thousands digit of 216356296?
6
What is the tens digit of 50031821?
2
What is the tens digit of 31973690?
9
What is the hundred thousands digit of 20016450?
0
What is the millions digit of 2346636243?
6
What is the ten millions digit of 320925181?
2
What is the ten millions digit of 16652604?
1
What is the millions digit of 2456041?
2
What is the millions digit of 444094593?
4
What is the ten millions digit of 51724229?
5
What is the ten millions digit of 44151241?
4
What is the ten thousands digit of 19192192?
9
What is the tens digit of 417128022?
2
What is the units digit of 51884359?
9
What is the ten thousands digit of 3756597978?
9
What is the thousands digit of 4221754413?
4
What is the units digit of 144049375?
5
What is the hundreds digit of 82410716?
7
What is the thousands digit of 25120656?
0
What is the tens digit of 1013585129?
2
What is the thousands digit of 15449932?
9
What is the ten millions digit of 115107930?
1
What is the millions digit of 2485637958?
5
What is the millions digit of 191913036?
1
What is the hundreds digit of 25872172?
1
What is the millions digit of 1310364211?
0
What is the ten millions digit of 40895015?
4
What is the millions digit of 23206496?
3
What is the millions digit of 1960487985?
0
What is the thousands digit of 143414950?
4
What is the millions digit of 21376845?
1
What is the tens digit of 193571265?
6
What is the hundreds digit of 554524995?
9
What is the units digit of 1378670119?
9
What is the ten thousands digit of 447123839?
2
What is the ten millions digit of 132345268?
3
What is the ten millions digit of 42860617?
4
What is the ten millions digit of 115005064?
1
What is the tens digit of 266423008?
0
What is the ten thousands digit of 184386111?
8
What is the hundreds digit of 72798234?
2
What is the tens digit of 1793976661?
6
What is the hundred millions digit of 1775462693?
7
What is the ten thousands digit of 69847101?
4
What is the hundreds digit of 627211857?
8
What is the hundred millions digit of 498090210?
4
What is the hundred thousands digit of 29103675?
1
What is the tens digit of 234294810?
1
What is the hundred thousands digit of 2811623445?
6
What is the tens digit of 164565588?
8
What is the millions digit of 74211499?
4
What is the units digit of 190189579?
9
What is the ten millions digit of 498156584?
9
What is the hundred thousands digit of 851868783?
8
What is the millions digit of 458229405?
8
What is the tens digit of 6606577787?
8
What is the hundreds digit of 9059332?
3
What is the millions digit of 911268396?
1
What is the hundreds digit of 539723034?
0
What is the hundred millions digit of 1342240668?
3
What is the hundred thousands digit of 175437322?
4
What is the ten thousands digit of 526542351?
4
What is the units digit of 344152243?
3
What is the units digit of 201353230?
0
What is the ten thousands digit of 51900049?
0
What is the ten thousands digit of 315075126?
7
What is the tens digit of 8174321?
2
What is the ten millions digit of 349660684?
4
What is the ten thousands digit of 72215888?
1
What is the millions digit of 1103100?
1
What is the hundred thousands digit of 840808519?
8
What is the hundreds digit of 444695063?
0
What is the billions digit of 1110737360?
1
What is the ten millions digit of 410371257?
1
What is the hundreds digit of 35434428?
4
What is the ten millions digit of 881698035?
8
What is the millions digit of 2778731368?
8
What is the billions digit of 8733218485?
8
What is the thousands digit of 370043671?
3
What is the thousands digit of 1955790915?
0
What is the tens digit of 2451323627?
2
What is the hundreds digit of 1196951021?
0
What is the ten thousands digit of 408442067?
4
What is the hundred millions digit of 810010252?
8
What is the units digit of 2707513875?
5
What is the hundred thousands digit of 233596229?
5
What is the ten thousands digit of 10669615?
6
What is the ten thousands digit of 99247368?
4
What is the hundreds digit of 953713132?
1
What is the hundred thousands digit of 101151343?
1
What is the millions digit of 3156818572?
6
What is the units digit of 494454466?
6
What is the hundred millions digit of 115644371?
1
What is 